 remainder when 19 is divided by j(c)?
4
Suppose -2*s + 85 = 3*s. What is the remainder when 66 is divided by s?
15
Suppose 0 = 3*u + 2*c - 135, -2*u + 0*u + c + 83 = 0. Suppose 0 = 5*r - u - 7. Calculate the remainder when r is divided by 6.
4
Let o = -7 - -7. Suppose -5*f - 15 = -5*j + 90, -2*j + 4*f + 32 = o. What is the remainder when 50 is divided by j?
24
Let z(w) = -12*w + 4. Let u(h) = 1. Let c(s) = -2*u(s) + z(s). Let o be c(3). Let d = -21 - o. What is the remainder when d is divided by 8?
5
Suppose -178 = -7*h - 38. Calculate the remainder when 58 is divided by h.
18
Calculate the remainder when (2 + 23)*36/30 is divided by 11.
8
Suppose 0*v + 2*v = 14. Suppose 2*s = -6*c + 3*c - 6, 0 = 5*c - 4*s - 12. Let a(z) = -z**3 - z + 12. What is the remainder when a(c) is divided by v?
5
Suppose -4*l + 64 = -0*l. Let u = 46 - l. What is the remainder when u is divided by 30/4 + 1/2?
6
Let p(s) = -11*s**2 + 30 - 10*s**2 + 20*s**2. What is the remainder when 57 is divided by p(0)?
27
Calculate the remainder when -3 - (-228)/4 - -2 is divided by 15.
11
Let d be 244/(2/1)*2. Suppose 4*j - d = -0*j. Suppose -3*c = -w + 21, 4*c + 84 = 4*w + c. What is the remainder when j is divided by w?
19
Let d = -33 - -12. Let g = d + 39. What is the remainder when 69 is divided by g?
15
Let n(w) = -10*w**3 + 2*w**2 + 5*w + 3. Calculate the remainder when n(-2) is divided by 28.
25
Let f = -53 + 162. What is the remainder when f is divided by 28?
25
Suppose 4*t - 6 - 6 = 0. Suppose -4*k + 2*j + 12 = -t*k, 5*k + j = 104. Calculate the remainder when k is divided by 11.
9
Suppose -2*y + 56 = 2*y. Let p = -39 - -92. Calculate the remainder when p is divided by y.
11
Let b(w) = 3*w**2 + w**2 - 16 - 2*w + 7. What is the remainder when b(6) is divided by 31?
30
Let a = 70 - -19. Calculate the remainder when a is divided by 30.
29
Let x(f) = 6*f**2 - 2*f + 1. What is the remainder when x(1) is divided by 2?
1
Let j(h) = h**3 - 3*h**2 + 5*h - 4. Suppose 0 = -2*q - 0*q + 8. Calculate the remainder when j(3) is divided by q.
3
Let t(d) = -d - 4*d + 14 - 14. Calculate the remainder when 19 is divided by t(-2).
9
Let t = -43 - -56. Suppose -26 = -3*u + 5*f, 2*f + 25 = 4*u + 5*f. What is the remainder when t is divided by u?
6
Let y = 9 + -4. Suppose 2*b - 4*u - 8 = 2, 0 = -y*b + 4*u + 49. What is the remainder when b is divided by (-11 - -10)*1*-5?
3
Let l be 87*1/(9/6). Let w be (-1)/(-2)*1*4. Suppose -4*u + w*u = -l. What is the remainder when u is divided by 10?
9
Suppose -131 - 149 = -5*h. Suppose 5*a - h = 9. What is the remainder when 37 is divided by a?
11
Let l(c) = -c + 9. What is the remainder when 32 is divided by l(0)?
5
Suppose 0 = -5*q - 20 + 155. What is the remainder when -4 + (-7 - -15) - -49 is divided by q?
26
Let j = -36 + 11. Suppose 2*z - 12 = -4*q, 5*z - 4*q = 11 - 51. Let h = z - j. What is the remainder when h is divided by 11?
10
Let y be (-3)/(-2)*2 - 1. Let n = y + 1. Suppose 16 = n*t - 107. What is the remainder when t is divided by 14?
13
Let i(b) be the first derivative of -b**4/4 - 2*b**3/3 + 2*b**2 - 5*b - 8. What is the remainder when i(-4) is divided by 6?
5
Let a = 33 - 19. Suppose 2*s + 3*u = -5, 4*u + a = s - 0. What is the remainder when 26 is divided by ((-18)/(-4))/(s/4)?
8
Let a = 14 - 6. Let p(s) = s**2 - 10*s - 6. Let w(o) = o**2 - 10*o - 7. Let c(m) = -6*p(m) + 5*w(m). What is the remainder when c(a) is divided by 6?
5
Suppose -8 = -2*j - 2, -h + 5*j - 6 = 0. What is the remainder when h is divided by 3?
0
Let l(z) = -z**2 + 13*z - 19. Calculate the remainder when 32 is divided by l(9).
15
Calculate the remainder when 70 is divided by (-18)/(-2) + 9/3.
10
What is the remainder when 56 is divided by (-740)/(-44) + 2/11?
5
Let m = 9 + 13. Calculate the remainder when (-4)/m - (-1944)/44 is divided by 6*1*(-5)/(-2).
14
Let c(a) = 232*a**2 - 2*a - 2. Let i be c(2). What is the remainder when 10/(-45) + i/18 is divided by 9?
6
Suppose 2*x - 156 = 5*g + x, 0 = 3*g - 3*x + 96. Let r = g - -89. Calculate the remainder when r is divided by 20.
18
Let f = 34 + -23. What is the remainder when 30 is divided by f?
8
Let u be ((-20)/8)/((-2)/(-4)). Let z = u - -14. Calculate the remainder when 35 is divided by z.
8
Suppose 5*q = 3*p - 64, 4*p + 5*q - 12 = 50. Suppose 0 = l - 3*l + p. Calculate the remainder when l is divided by 3.
0
Suppose 4*j = 221 + 23. What is the remainder when j is divided by 16?
13
Let q = 7 + 4. Suppose -3*n - 5*o + 59 = 0, 3*o = 1 + q. Calculate the remainder when 25 is divided by n.
12
Let s(b) = -5*b**3 + 0*b + 6*b - b**2 - 4*b + 8*b**3 + 1. Calculate the remainder when s(2) is divided by 9.
7
Let h be 11/(-44) - (-1)/4. Suppose h = 5*y + 55 - 155. What is the remainder when 57 is divided by y?
17
Let c(b) = -6*b + 3. Let x be c(2). Let f(u) = 4*u + 5. Let d be f(6). Let j = x + d. Calculate the remainder when j is divided by 7.
6
Let d be (-270)/(3 + (-12)/3). Calculate the remainder when ((-1)/3)/((-9)/d) is divided by 6.
4
Let f(l) = 2*l**2 - 1. Let o be f(-1). Suppose -n = o - 13. What is the remainder when 35 is divided by n?
11
Let s = 495 + -490. Let n be ((-1)/(-2))/(1/30). Let c = n + 3. What is the remainder when c is divided by s?
3
Calculate the remainder when (15 + -6)/36 - (-135)/4 is divided by 9.
7
Suppose 0 = c - 142 + 30. What is the remainder when c is divided by 29?
25
Let j = -4 - -7. Suppose -j*k = -3 - 57. Let h(u) = -u**2 + 7*u - 1. What is the remainder when k is divided by h(4)?
9
Let o(j) = -j + 4. Let x(w) = -3*w + 8. Let k(a) = 5*o(a) - 2*x(a). Suppose -93 = -2*m - 7. Calculate the remainder when m is divided by k(11).
13
What is the remainder when 6/(1 + (-1 - 3/(-6))) is divided by 7?
5
Let y = -60 - -164. Suppose -5*v + y - 3 = -4*h, 5*h = -4*v + 48. What is the remainder when 32 is divided by v?
15
What is the remainder when ((-20)/6)/((-2)/3) is divided by 2?
1
Let u(n) = -n**3 - 2*n - 30. What is the remainder when u(-4) is divided by 15?
12
Let m = 1 - 2. Calculate the remainder when 7 is divided by 1*(0 - m) + 3.
3
What is the remainder when 80 is divided by ((0 + -3)*-1)/((-2)/(-14))?
17
Calculate the remainder when 47 is divided by ((1 - -1) + -1)*37.
10
Let x = -4 - -3. What is the remainder when x + -20*(2 - 3) is divided by 1/3 - 29/(-3)?
9
Suppose 20 = -2*b - 2. Let y(z) = -z**3 - 12*z**2 - 14*z - 16. Calculate the remainder when y(b) is divided by 9.
8
Suppose 2*u - 72 + 502 = -4*l, 2*u = l + 95. Let s = l - -163. What is the remainder when s is divided by 20?
18
Let p = 27 + -47. Let i = -9 - p. Let l = 29 + 2. Calculate the remainder when l is divided by i.
9
Let m(k) = 9*k**2 + 2*k - 3. Calculate the remainder when m(2) is divided by 13.
11
Suppose 3*j + 9 = 0, -4*b - 24 = -7*b - 2*j. What is the remainder when (-4)/(-22) + (-317)/(-11) is divided by b?
9
Suppose 2*d - 3*c - 68 = c, -d = -4*c - 42. Suppose 4*h = 158 + d. Let v = -44 + 68. Calculate the remainder when h is divided by v.
22
Suppose 0 = -2*t - 3*n + 155, -5*n + 6*n - 394 = -5*t. Let v(z) = -z**2 - 8*z + 5. What is the remainder when t is divided by v(-5)?
19
Let g be (4 - 2)/((-2)/(-59)). Suppose -5*u + g = -16. What is the remainder when 43 is divided by u?
13
Let y = 15 + 3. Calculate the remainder when 68 is divided by y.
14
Suppose 0 = 4*i - 9*i + 190. Suppose -4*o - 45 = -4*w - 17, w - 2*o = 4. What is the remainder when i is divided by w?
8
Let x(f) = f**2 + 2*f. Let g(q) = 4*q**2 - 1. What is the remainder when g(2) is divided by x(2)?
7
Let s(q) = -7*q - 9. What is the remainder when s(-7) is divided by 14?
12
Let q(p) = -3*p + 16. Let f(j) = 6*j - 1. Calculate the remainder when f(1) is divided by q(4).
1
Let y(g) = -7*g**2 + 11*g - 17. Let b(f) = -3*f**2 + 5*f - 8. Let l(c) = 13*b(c) - 6*y(c). What is the remainder when 22 is divided by l(-2)?
10
Let s = -65 - -112. Calculate the remainder when s is divided by 29.
18
Let k = 5 + 15. Calculate the remainder when k is divided by 7.
6
Suppose -2*k + 0*k = -d + 1, -d = -1. Suppose -44 = -4*a - 4*p, k = -0*p + 2*p - 10. What is the remainder when 9 is divided by a?
3
Let j(s) = s**2 + 13*s - 16. What is the remainder when j(-17) is divided by 14?
10
Let l(m) = -3*m + 5*m - 6*m**2 + m**3 + m**3 - 4. What is the remainder when l(4) is divided by 